f w.
2
Suppose n - h = h - 3, -h = -3*n + 6. Let w = -8 + n. Let s = -1 - w. List the prime factors of s.
2
Let p be ((-5)/(-1))/(2/6). Let m = 9 - p. Let r = m + 13. List the prime factors of r.
7
Let f(k) = k - 12. Let s be f(0). Let m be (-4)/10 + (-204)/(-10). Let y = s + m. List the prime factors of y.
2
Suppose -3*g = -g - 200. List the prime factors of g.
2, 5
Let l be (-1)/((-3)/6) - 0. Suppose o = -o + 3*z + 6, -8 = -l*o + 2*z. List the prime factors of o.
2, 3
Let o(y) = 11*y + 1. Let v(h) = h. Let j be v(1). What are the prime factors of o(j)?
2, 3
Let f(m) = 4*m**2 - 12*m - 27. What are the prime factors of f(7)?
5, 17
What are the prime factors of (2 + 262 + -2)*2/4?
131
Suppose 5*y + 5*k + 70 = 0, 4*k - 114 = 4*y - 26. Suppose 4*v - 54 = 58. Let x = v + y. What are the prime factors of x?
2, 5
Suppose -d + 38 = -120. List the prime factors of d.
2, 79
Suppose -2 - 4 = 3*c, 2*v + 4*c - 32 = 0. List the prime factors of v.
2, 5
Suppose -3*r = 2*r - 5, 2*m + 2*r - 14 = 0. List the prime factors of 88/4 - m/2.
19
Let n(m) = m**2 + 4. Let v = 4 + 1. Suppose 5*d + v = -a, -6*a - 25 = 5*d - a. List the prime factors of n(d).
2
Suppose -6*o = -399 - 21. List the prime factors of o.
2, 5, 7
Suppose 0 = 2*r - r + 8. Let t be -2*2/r*12. Let w = t - -3. What are the prime factors of w?
3
Let r = 10 + -10. Suppose 2*i - 3*a - 15 = r, 2*i + 9 = 6*i + a. Suppose 2*u - 30 = -i*u. List the prime factors of u.
2, 3
Suppose -5*w + 65 - 25 = 0. List the prime factors of w.
2
Let p = 20 + -3. Suppose 2*i - 10 = -5*o + o, 0 = 2*i - 3*o - p. Suppose -2*g + 6 = 2*g - 2*j, 3*j = 5*g - i. List the prime factors of g.
2
Let c(v) = -2*v**2 + 15*v + 32. Let p(z) = z**2 - 8*z - 16. Let l(b) = -6*c(b) - 13*p(b). What are the prime factors of l(12)?
2, 5
Suppose -5*j = -2*j - 267. What are the prime factors of j?
89
Suppose -4*t + 20 = -t - 2*g, -g = t - 5. Suppose -4*u + t*u - 4*y = -12, -y + 21 = 4*u. What are the prime factors of u?
2
Suppose -15*u = -33*u + 5634. What are the prime factors of u?
313
Suppose -3*p = -2*p + 10. Let y be 204/9 - (-2)/6. Let b = y + p. What are the prime factors of b?
13
What are the prime factors of (-2)/(-2 + -1 - -1) + 107?
2, 3
Let z = -51 + 85. Let v = 47 - z. List the prime factors of v.
13
Let h be 40/15*3/(-2). Let w = 17 + h. List the prime factors of w.
13
Suppose 4 = c - 0. Suppose -24 = -c*t - 0*t. List the prime factors of t.
2, 3
Suppose -8*u + 87 = -193. What are the prime factors of u?
5, 7
Let p = 0 + 25. Suppose -5*w + 50 = 4*r - p, -4*r + 15 = w. What are the prime factors of w?
3, 5
Let i be (4/(-5))/(2/(-50)). Suppose -3*g + 3 = -18. Let c = i - g. What are the prime factors of c?
13
Let u = -1 + 32. What are the prime factors of u?
31
Suppose -2*m = -0 + 4, -2*m + 242 = 2*r. What are the prime factors of r?
3, 41
Let s(a) = a - 4. Let u(d) = -d + 18. Let t be u(11). What are the prime factors of s(t)?
3
What are the prime factors of ((-68)/(-3))/(-1*2/(-3))?
2, 17
What are the prime factors of 1*-3*320/(-30)?
2
List the prime factors of (-1)/(-2)*(-414)/(-9).
23
Let d(i) = -i**2 - 2*i + 339. List the prime factors of d(0).
3, 113
Let g = -7 - -11. Suppose 0 = h + 3*y - 1 - 16, 0 = g*y. List the prime factors of h.
17
Let c be (-16)/(-3) - (-4)/6. Let p(t) = -t**2 + 6*t + 4. Let i be p(c). Suppose -4*d - 84 = -i*l, 7*d - 2*d = -4*l + 84. List the prime factors of l.
3, 7
Let w be 12/(-42) + (-23)/(-7). Suppose 4 + 1 = v + 5*y, w*v + 3*y + 9 = 0. Let d = 0 - v. List the prime factors of d.
5
Suppose -4*t + 30 = -126. List the prime factors of t.
3, 13
Let l = 75 + -17. What are the prime factors of l?
2, 29
Let x(d) = 11*d**2 - 2*d - 3. Let r be x(-2). Let n = r - 30. Let k = -11 + n. What are the prime factors of k?
2
Let j(p) = 8*p**2 + 2*p - 5. Let v(t) = -7*t**2 - 2*t + 6. Let d(h) = 4*j(h) + 3*v(h). What are the prime factors of d(-2)?
2, 19
Suppose -2*h + 6*h = 28. Suppose -4*m + h = -3*m. Suppose -d + m = -4. What are the prime factors of d?
11
Suppose 0 = -5*d - o + 24, 19 = 4*d + 2*o - o. Suppose -5*u = d*c - 50, -c - 2*u + 9 = -3. List the prime factors of c.
2
Suppose 2 = b + 3. List the prime factors of 72/4 - b - 0.
19
Suppose -5*m = -4*q - 72, 0 + 18 = 2*m + 2*q. Let l be -2*9/m*-2. Suppose 5*h - 5*z - 90 = 0, -2*h + 7*h - l*z = 80. What are the prime factors of h?
13
Let f(h) = -h**3 + 6*h**2 + 8. Let o be f(7). Let s = 6 - o. What are the prime factors of s?
47
Suppose 3*k + 3 + 5 = -q, 5*q + 4*k - 4 = 0. Let o be 16/(-7) - (-4)/14. Let j = q + o. What are the prime factors of j?
2
Let w(u) = 4*u + 2. Let j be w(-4). Let v = j - -20. What are the prime factors of v?
2, 3
Let k(i) = i**3 + 7*i**2 + i + 7. Let a be k(-7). Suppose a = 3*w + 1 - 7. List the prime factors of 77/14*4/w.
11
Let m(w) = w**3 - 5*w - 4. Let b be m(-3). Let h = b - -24. What are the prime factors of h?
2
Let u(x) = -x**3 - x + 237. Let b be u(0). List the prime factors of b/9 - 2/6.
2, 13
Let b(i) = 2*i**2 - 14*i + 26. List the prime factors of b(10).
2, 43
Suppose 0 = 4*l - l, s + 5*l = 2. Let i(a) = a**2 + 3*a - 2. List the prime factors of i(s).
2
Let l(j) = j**2 + 4*j + 4. Let c be l(-4). Suppose -14 = -z - c. Suppose -2*d + 16 = 3*h, 5 = 5*d - 5*h - z. List the prime factors of d.
5
Suppose -8*l + 300 = -2*l. What are the prime factors of l?
2, 5
Let j(g) = -g + 5. Let a(z) = -z**2 - z. Let p(r) = r**3 + 10*r**2 + 7*r - 6. Let k(w) = -4*a(w) - p(w). Let n be k(-5). List the prime factors of j(n).
3
Let c = 55 + -20. Suppose 5*h - c = 85. Suppose 2*d + 22 = 4*s - h, -2*s = -5*d - 3. List the prime factors of s.
2, 7
Let v(n) be the third derivative of n**6/120 - 2*n**5/15 - n**4/4 - 7*n**3/6 + 11*n**2. List the prime factors of v(9).
2, 5
What are the prime factors of (-10)/5*10/(-4)?
5
Suppose 0 = 3*o + 3*y + 2 - 20, 3*o + 2*y = 16. Suppose o = 5*p + 94. Let i = p + 26. What are the prime factors of i?
2
Suppose 0*r - 195 = -3*r. List the prime factors of r.
5, 13
Suppose 657 = 12*b + 69. List the prime factors of b.
7
Suppose 4*g - 12 = g. What are the prime factors of g?
2
Let d = 9 - 7. Suppose -2*q - d*j = -4*q + 38, -3*q + j = -57. List the prime factors of q.
19
Suppose -3*m + b + 0 = -3, 0 = 2*m + b - 2. Let l = 0 + m. List the prime factors of (1/((-1)/(-4)))/l.
2
What are the prime factors of -141*1/(-3) + (-8)/4?
3, 5
Let h be (36/45)/((-2)/(-5)). Suppose 5*o = 5*z + 2*o - 9, 15 = -5*z - 5*o. Let c = h + z. List the prime factors of c.
2
Suppose -f + 0*f = -5*i - 76, 59 = -4*i - f. Suppose -l = -4, -4*l + 16 = j - 24. Let t = i + j. What are the prime factors of t?
3
Suppose -2*y - 25 = 3*y, -4*y = -2*a + 18. Let i(g) = -4*g. What are the prime factors of i(a)?
2
Suppose 0*f + 11*f - 286 = 0. List the prime factors of f.
2, 13
Suppose -j - g = -4*j - 4, g - 4 = 0. List the prime factors of (-3 + 6 - -14) + j.
17
Let q(s) = 2*s**3 - 7*s**2 - s + 4. List the prime factors of q(5).
2, 37
Let u = 3 + -5. Let s = u + 0. What are the prime factors of 25/10 - s/(-4)?
2
Let f = 1 + -6. Let n = -3 - f. List the prime factors of 8 - n/(-6)*0.
2
Let x = 7 - -4. What are the prime factors of x?
11
Let t = 97 - 57. List the prime factors of t.
2, 5
Suppose -2*a + 48 + 52 = 4*i, 4*i - 128 = 5*a. List the prime factors of i.
3
Suppose -5*j - 19 = -2*i + 10, -2*i - 1 = j. Let v = i + 0. Suppose 0 = -v*d - 2*d + 44. List the prime factors of d.
11
Let r be (0 + 2 - 1) + -1. Suppose 8*w + 90 = 5*a + 3*w, -w + 1 = r. Let k = a - 13. List the prime factors of k.
2, 3
Let a(l) = 7*l - 9. Let o be a(8). Let b = o + -18. What are the prime factors of b?
29
Let k = -1 - 2. Let w = 6 - k. Suppose 0 = -3*v + w + 9. List the prime factors of v.
2, 3
Let b be (-1)/6 - 75/(-18). Suppose -b*v - 3*c = -5, -15 = -v - v + c. Suppose -5*k = -5*u + 75, -v*u - 2*k + 81 = -4*k. List the prime factors of u.
17
Let i = -2 + 3. Let b = -1 + i. Suppose b*p = 3*p - 6. List the prime factors of p.
2
Let d = 23 + 27. List the prime factors of d.
2, 5
Suppose -4*j + 16 + 2 = 3*h, 3*j = -9. What are the prime factors of h?
2, 5
Suppose 2*j - 3*i - 3 = 13, 2*i + 8 = 0. Let n(r) = 0*r**2 + r**2 - 4 + j. List the prime factors of n(-3).
7
Let a be (1 + 28)*3/(-3). Let k = a - -42. Suppose 4*z - 3 = k. What are the prime factors of z?
2
Let q(s) = 3*